d by 481.
276
Calculate the remainder when 122 is divided by 18.
14
What is the remainder when 522 is divided by 131?
129
What is the remainder when 29949 is divided by 144?
141
Calculate the remainder when 533 is divided by 8.
5
What is the remainder when 3839 is divided by 61?
57
What is the remainder when 171 is divided by 63?
45
Calculate the remainder when 2117 is divided by 142.
129
Calculate the remainder when 302 is divided by 61.
58
What is the remainder when 3057 is divided by 11?
10
What is the remainder when 3 is divided by 1?
0
Calculate the remainder when 465 is divided by 9.
6
What is the remainder when 563 is divided by 52?
43
Calculate the remainder when 17156 is divided by 5.
1
Calculate the remainder when 22048 is divided by 14.
12
Calculate the remainder when 362 is divided by 63.
47
What is the remainder when 456 is divided by 442?
14
Calculate the remainder when 70 is divided by 20.
10
What is the remainder when 1035 is divided by 162?
63
What is the remainder when 326 is divided by 163?
0
What is the remainder when 1056 is divided by 23?
21
Calculate the remainder when 61 is divided by 6.
1
What is the remainder when 92 is divided by 24?
20
What is the remainder when 32 is divided by 4?
0
What is the remainder when 26 is divided by 8?
2
Calculate the remainder when 425 is divided by 26.
9
Calculate the remainder when 646 is divided by 54.
52
What is the remainder when 3097 is divided by 15?
7
Calculate the remainder when 2917 is divided by 40.
37
Calculate the remainder when 3409 is divided by 122.
115
Calculate the remainder when 47278 is divided by 40.
38
Calculate the remainder when 377 is divided by 35.
27
What is the remainder when 1699 is divided by 9?
7
Calculate the remainder when 2637 is divided by 27.
18
What is the remainder when 106 is divided by 8?
2
What is the remainder when 429 is divided by 65?
39
What is the remainder when 3072 is divided by 40?
32
Calculate the remainder when 21 is divided by 4.
1
What is the remainder when 114 is divided by 23?
22
Calculate the remainder when 3128 is divided by 29.
25
What is the remainder when 24762 is divided by 24?
18
What is the remainder when 231 is divided by 58?
57
Calculate the remainder when 5275 is divided by 14.
11
Calculate the remainder when 430 is divided by 33.
1
Calculate the remainder when 194 is divided by 4.
2
What is the remainder when 35 is divided by 10?
5
What is the remainder when 639 is divided by 28?
23
What is the remainder when 287 is divided by 38?
21
What is the remainder when 13 is divided by 3?
1
What is the remainder when 1385 is divided by 73?
71
What is the remainder when 308 is divided by 53?
43
Calculate the remainder when 1010 is divided by 503.
4
What is the remainder when 172 is divided by 63?
46
What is the remainder when 419 is divided by 232?
187
What is the remainder when 121 is divided by 43?
35
Calculate the remainder when 793 is divided by 116.
97
What is the remainder when 169 is divided by 19?
17
Calculate the remainder when 332 is divided by 15.
2
What is the remainder when 922 is divided by 77?
75
Calculate the remainder when 3588 is divided by 65.
13
What is the remainder when 65 is divided by 57?
8
Calculate the remainder when 696 is divided by 222.
30
What is the remainder when 1215 is divided by 42?
39
Calculate the remainder when 394 is divided by 100.
94
Calculate the remainder when 241 is divided by 82.
77
Calculate the remainder when 301 is divided by 4.
1
What is the remainder when 865 is divided by 20?
5
What is the remainder when 1803 is divided by 38?
17
What is the remainder when 167 is divided by 40?
7
Calculate the remainder when 24 is divided by 3.
0
Calculate the remainder when 506 is divided by 108.
74
What is the remainder when 402 is divided by 372?
30
What is the remainder when 1162 is divided by 97?
95
Calculate the remainder when 57 is divided by 31.
26
Calculate the remainder when 327 is divided by 179.
148
What is the remainder when 380 is divided by 168?
44
What is the remainder when 76 is divided by 72?
4
Calculate the remainder when 5724 is divided by 69.
66
What is the remainder when 622 is divided by 8?
6
What is the remainder when 3606 is divided by 18?
6
Calculate the remainder when 388 is divided by 15.
13
What is the remainder when 20 is divided by 3?
2
Calculate the remainder when 674 is divided by 76.
66
Calculate the remainder when 21 is divided by 12.
9
What is the remainder when 12988 is divided by 10?
8
Calculate the remainder when 879 is divided by 127.
117
What is the remainder when 461 is divided by 14?
13
Calculate the remainder when 59 is divided by 35.
24
Calculate the remainder when 365 is divided by 46.
43
What is the remainder when 515 is divided by 134?
113
Calculate the remainder when 5058 is divided by 47.
29
Calculate the remainder when 199 is divided by 56.
31
What is the remainder when 1043 is divided by 149?
0
Calculate the remainder when 8448 is divided by 2112.
0
What is the remainder when 46 is divided by 16?
14
Calculate the remainder when 216 is divided by 70.
6
Calculate the remainder when 928 is divided by 19.
16
Calculate the remainder when 23975 is divided by 148.
147
What is the remainder when 151 is divided by 17?
15
What is the remainder when 321 is divided by 251?
70
Calculate the remainder when 338 is divided by 30.
8
Calculate the remainder when 1478 is divided by 191.
141
Calculate the remainder when 32 is divided by 24.
8
Calculate the remainder when 37 is divided by 13.
11
What is the remainder when 1298 is divided by 50?
48
What is the remainder when 196 is divided by 29?
22
Calculate the remainder when 62 is divided by 8.
6
What is the remainder when 200 is divided by 150?
50
Calculate the remainder when 875 is divided by 126.
119
What is the remainder when 17694 is divided by 56?
54
What is the remainder when 13 is divided by 2?
1
Calculate the remainder when 552 is divided by 124.
56
What is the remainder when 230 is divided by 110?
10
What is the remainder when 1398 is divided by 59?
41
What is the remainder when 1291 is divided by 54?
49
Calculate the remainder when 218 is divided by 57.
47
Calculate the remainder when 132 is divided by 76.
56
Calculate the remainder when 6214 is divided by 7.
5
Calculate the remainder when 985 is divided by 33.
28
Calculate the remainder when 29 is divided by 4.
1
What is the remainder when 141 is divided by 63?
15
Calculate the remainder when 1777 is divided by 99.
94
Calculate the remainder when 1092 is divided by 543.
6
Calculate the remainder when 446 is divided by 15.
11
Calculate the remainder when 1785 is divided by 48.
9
What is the remainder when 110 is divided by 62?
48
Calculate the remainder when 1370 is divided by 49.
47
What is the remainder when 809 is divided by 159?
14
What is the remainder when 294 is divided by 50?
44
Calculate the remainder when 59 is divided by 23.
13
What is the remainder when 46317 is divided by 24?
21
What is the remainder when 10703 is divided by 16?
15
What is the remainder when 3681 is divided by 609?
27
What is the remainder when 488 is divided by 100?
88
What is the remainder when 193 is divided by 66?
61
What is the remainder when 148 is divided by 53?
42
Calculate the remainder when 34 is divided by 24.
10
Calculate the remainder when 914 is divided by 116.
102
Calculate the remainder when 360 is divided by 110.
30
What is the remainder when 2729 is divided by 70?
69
Calculate the remainder when 3795 is divided by 146.
145
What is the remainder when 687 is divided by 8?
7
Calculate the remainder when 4523 is divided by 73.
70
What is the remainder when 650 is divided by 15?
5
Calculate the remainder when 747 is divided by 17.
16
What is the remainder when 5464 is divided by 5?
4
Calculate the remainder when 5641 is divided by 91.
90
What is the remainder when 26 is divided by 19?
7
What is the remainder when 557 is divided by 70?
67
What is the remainder when 101 is divided by 13?
10
What is the remainder when 205 is divided by 26?
23
Calculate the remainder when 205 is divided by 19.
15
Calculate the remainder when 20557 is divided by 257.
254
What is the remainder when 5871 is divided by 66?
63
Calculate the remainder when 6 is divided by 5.
1
What is